 (-4*63/112)/((-3)/184). Suppose -5*i + 178 = p, 0 = -4*i - 25*p + 22*p + y. What is the highest common factor of 396 and i?
36
Let d(u) = 2*u**3 - 31*u**2 + 110*u - 97. Let t be d(17). What is the highest common factor of t and 345?
15
Suppose 0 = 21*x - 23*x + 100. Suppose -46 = 2*v - x. Suppose -i + 202 = -v*u + 29, u = -2*i + 341. What is the greatest common factor of i and 57?
57
Let i = 5913 - 5907. What is the greatest common factor of i and 393?
3
Suppose -3*x + u + 64 = -7*x, 16 = -x - u. Let b be (-774)/x - 24/64. Calculate the greatest common factor of b and 84.
12
Let m be (1 - (97 + 0))/((-74)/(-26) - 3). Calculate the greatest common divisor of m and 480.
48
Suppose -3*x - 4*b + 8546 = 0, -4*x + 3860 = 4*b - 7540. Let h = x - 1580. Let n = h - 636. What is the greatest common factor of n and 58?
58
Let i be (-29712)/(-54) - (-4)/(-18). Let y = i + -502. Calculate the highest common divisor of 36 and y.
12
Let o be -10*((-72)/(-20) + -4). Suppose -5 = o*k - 17. Suppose -k*h + 18 = -24. Calculate the highest common divisor of h and 42.
14
Let v(z) = -8*z**2 + 56*z + 9. Let m(n) = n**2 + 3*n - 3. Let q be m(-5). Let a be v(q). What is the greatest common factor of 117 and a?
9
Let m be -8*(-29912)/64 + -7. What is the highest common factor of 12 and m?
12
Suppose 0 = 790*w - 762*w + 5 - 173. What is the highest common factor of w and 386?
2
Suppose g = 3*o - 2*g - 222, -2*o - 5*g + 141 = 0. Suppose 74*t - 147 = o*t. What is the highest common factor of t and 3?
3
Let y be 193/4 - (-1)/(-4). Suppose -4 = -29*p + 25*p, -85 = -4*d + 3*p. Suppose -540 = d*g - 67*g. Calculate the highest common divisor of g and y.
12
Suppose 3*m - 255 = -66. Let x(n) = -172*n + 30. Let k be x(3). Let f be (k/(-135))/((-24)/15 + 2). What is the greatest common factor of m and f?
9
Suppose 6*q + 7*q = 52. Suppose -3*w = q*n - 359, -85 - 38 = -w - 3*n. Calculate the greatest common divisor of 26 and w.
13
Suppose -u + 31 = -5*i + 15, -i = 2*u - 32. Let w = -60 + 108. What is the highest common divisor of u and w?
16
Let i(h) = 12*h + 12. Let m be i(-5). Let d be -1 + (m/(-3))/4. Let v(r) = r**2 - r - 1. Let b be v(d). What is the greatest common divisor of 20 and b?
5
Let b(f) = 584*f**3 - 3*f**2 + 136*f - 401. Let n be b(3). Calculate the greatest common divisor of n and 124.
124
Let b(k) = -5*k - 37. Let j = 34 + -47. Let u be b(j). Calculate the highest common divisor of u and 196.
28
Let s be (85/(-15))/(2/(-36)). Let l = 1920 + -1852. What is the greatest common factor of l and s?
34
Let y be 461/(-8 + 11 - 4). Let z = -450 - y. Calculate the highest common divisor of z and 33.
11
Let q be 61/3 - 1/3. Let b = q - 17. Suppose 94*v - 92*v - 12 = 0. Calculate the highest common factor of b and v.
3
Suppose -4*x + 494 = 5*f, -6*x = -11*x + 5*f + 640. Calculate the greatest common divisor of 3906 and x.
126
Let c be (-112)/(-196) - (-8226)/(-14). Let v = -449 - c. Calculate the greatest common divisor of v and 30.
6
Let h be 2*(250/85 - 3) - (-13704)/17. What is the greatest common factor of 155 and h?
31
Suppose 0*x - 5*x = -120. Let k(v) = -v**2 + 72. Let g be k(-6). Suppose g*f = 305 - 17. What is the greatest common divisor of x and f?
8
Let g = -16 + 19. Suppose -9 + 0 = -3*o. Suppose 78 = k + 2*k - 3*t, -4*k = o*t - 132. Calculate the greatest common divisor of g and k.
3
Let q(o) = -14*o**3 + o**2 - 9*o - 36. Let n be q(-4). What is the highest common divisor of n and 48?
48
Let g(o) = -1 + 18*o - 13*o**2 - 12*o**2 + 24*o**2. Let l be g(8). Suppose q + 11 - l = 0. Calculate the highest common factor of q and 17.
17
Let t be -2 - -2 - 9/(-9). Let v(o) = 20*o - 8. Let s be v(t). Calculate the highest common factor of 108 and s.
12
Suppose 0 = -4*i - 0*w - 2*w + 2842, 4*i + 4*w - 2832 = 0. Calculate the greatest common factor of i and 620.
31
Let w = 11354 - 9961. What is the greatest common factor of 35 and w?
7
Let o be 2*3/(-6) - 50. Let j be (((-24)/(-5))/(-1))/(111/(-1480)). Let q = j + o. What is the greatest common factor of q and 117?
13
Let w = -49 - -93. Let p(k) = 4*k**2 + k - 17. Let s be p(-8). What is the highest common factor of w and s?
11
Let u(q) = -q**2 - 45*q + 994. Let s be u(-56). Calculate the highest common divisor of 672 and s.
42
Suppose -4*o - 36 = 4*s, -3*o - 2 = 5*s + 21. Let n = o - -23. Let z(v) = 13*v**3 - v**2. Let i be z(1). What is the highest common divisor of i and n?
12
Suppose -23*u = -2550 + 20. What is the highest common divisor of u and 1166?
22
Let p(b) = -2*b**2 - 28*b - 43. Let l be p(-12). Calculate the greatest common factor of l and 3825.
5
Let f be (-280)/(-16)*4/10. Suppose -f*o + 11 = -45. Calculate the greatest common divisor of o and 20.
4
Let c be -3 - (305/(-40) + 6/(-16)). Suppose -c*b + 29 = 2*f - 31, 128 = 3*f - 2*b. What is the highest common factor of 140 and f?
20
Let d = 2824 - 2185. Calculate the greatest common divisor of d and 3408.
213
Let p be 64/14 - 3/(-7). Suppose p*d + 216 = 8*d. Suppose -77*q = -d*q - 65. What is the greatest common factor of q and 208?
13
Let j = 10 + -8. Let h be (-3 + j)/(8/600). Let a be (-18)/(-5)*h/(-10). Calculate the greatest common factor of a and 3.
3
Let u be 120/400 - (-3051)/30. Let i = -36 - -70. What is the greatest common factor of i and u?
34
Let m be (-8)/(-2*((-12)/4 + 3185/1060)). Calculate the greatest common factor of m and 48.
16
Suppose 10255 = 3*r - t, 3*r - 3437 - 6810 = -t. Calculate the highest common factor of r and 153.
51
Suppose -31*s + 87016 = 70*s - 89128. Calculate the greatest common factor of 80 and s.
16
Suppose 4*c - 2*c = 10. Let p = -185 - -188. Suppose g + p = 0, -2*g = 4*n - 4*g - 166. What is the highest common divisor of n and c?
5
Let b be 3 + (-5)/5 + 4. Suppose -4*i = -i - b. Suppose 5*v = -4*a + 28, i*a - 2*v + 0 = -4. Calculate the greatest common factor of a and 8.
2
Let z(d) = -3*d**2 - 7*d + 38. Let w be z(-3). Let k be (-32)/(-2)*(-1 - -2). What is the greatest common factor of w and k?
16
Suppose -15*k - 5*t = -19*k + 2486, 0 = 5*k - 4*t - 3094. What is the highest common divisor of 4 and k?
2
Let g be 37/2 - 4/8. Let a be ((-2)/4)/(-1)*g. Let z be (6324/255 - 2)*(-45)/(-6). What is the greatest common divisor of z and a?
9
Suppose -746 - 577 = -3*p. Let a = p - 430. Let w(v) = 17*v - 1. Let z be w(2). Calculate the highest common divisor of a and z.
11
Let u(d) = -66 - 8*d - 61 + 43. Let x be u(-13). Calculate the highest common factor of 80 and x.
20
Suppose -2385*r + 5936 = -2371*r. Calculate the greatest common divisor of r and 176.
8
Let o = -226 - -284. Suppose -4 = -4*z, 3*l - o = 2*z - 9. What is the highest common factor of l and 493?
17
Suppose -249033 = -226*q + 2561646 - 164897. Calculate the highest common factor of q and 92.
23
Suppose 8*b + 4*g - 6 = 5*b, 2*b + 4*g = 0. Let x be b/(-15) + 2554/10. What is the greatest common factor of 15 and x?
15
Suppose 8 = -4*m, -7*u + 4*m = -5*u - 320. Suppose -3*o - u = -a, 5*a - 5*o - 728 = 12. Let x be 3 + 0 + 1*33. Calculate the greatest common factor of x and a.
36
Suppose -4*o = -0*o - 84. Let f be ((-187)/34 - (0 - 9))/(7/4). Calculate the highest common divisor of f and o.
1
Suppose -4*n + 36 = -0*n - 3*z, -5*n + 45 = -3*z. Suppose n*r + 34 - 133 = 0. Let a(d) = -d + 28. Let s be a(r). What is the highest common divisor of 17 and s?
17
Suppose -b = 2*i - 375 - 4980, -i - 10710 = -2*b. Calculate the greatest common divisor of 63 and b.
63
Let n = 100 + -31. Suppose -63*z + 27*z + 22356 = 0. Calculate the highest common factor of z and n.
69
Suppose 5*v - 27 = 3. Let a be -2 + v/(-3) + 15. Let d(w) = w**3 - 47*w**2 - 44*w - 71. Let k be d(48). What is the highest common divisor of a and k?
11
Let s(l) = -67*l - 405. Let y be s(-27). What is the greatest common divisor of 144 and y?
36
Suppose -133*n = -631911 - 1356173. What is the highest common factor of 2 and n?
2
Suppose 4164*f - 4213*f = -105742. What is the greatest common factor of 52 and f?
26
Let k(a) = -53*a + 6009. Let i be k(39). What is the highest common factor of 1168 and i?
146
Let o be 2/(-7) - (-1505)/(-49). Let q = 36 + o. Suppose -q*k + 0*g = -4*g - 164, k - 5*g = 37. What is the greatest common factor of 48 and k?
16
Suppose 2 = 12*c - 11*c. Suppose -2*n = 5*j - 260, 285 = -39*j